 4*q**3 + 8*q**2 - 3*q - 1. Let i(v) = 9*v**3 + 17*v**2 - 5*v - 1. Let o(a) = 7*f(a) - 3*i(a). Give o(-5).
26
Let m(n) = n**3 - 9*n**2 + 2*n - 9. Let l(d) = -2*d**3 + 17*d**2 - 3*d + 18. Let w(h) = 5*l(h) + 9*m(h). Calculate w(5).
-1
Let w(o) = -2*o**2 - 10*o + 3. Let k = 329 - 335. Give w(k).
-9
Let j(u) be the second derivative of -u**3/6 + 2*u**2 + 33*u + 2. Determine j(-3).
7
Suppose -5*x = 5*r + 451 + 149, 0 = -4*r - 3*x - 477. Let y = r - -114. Let o(c) be the first derivative of 2*c**2 - 3*c - 1. Determine o(y).
-15
Let o(g) = -2*g**2 + 4. Let a be o(0). Suppose 9 = -a*c + c. Let l(z) = -z**3 - 5*z**2 - 2*z - 1. Calculate l(c).
-13
Let h(r) = -5 - 2 + 244*r + 0 - 241*r. Calculate h(6).
11
Suppose -6 = 4*t - x + 16, 0 = 5*t - 2*x + 29. Let a = -8 - -11. Let y(q) = 6*q**2 + 7*q + 2*q**2 - 2*q**2 + 7 + q**a. Give y(t).
-3
Let x(a) be the second derivative of -a**3/6 - 3*a**2 - 303*a. Calculate x(-12).
6
Suppose -6*r = -2*v - r + 10, 3*r + 24 = 3*v. Let o(s) = -s - 3 + v - 3. Give o(-5).
9
Let h(v) = -2*v + 10*v + 2 - 5*v + 3*v**2 + v**3. Let b = 47 + -50. Give h(b).
-7
Let o(r) = -r**2 + 3*r + 5. Let s(l) = 2*l + 23. Let m be s(-8). Suppose h - m = -2. What is o(h)?
-5
Let i be -1*(-4)/(-8)*1*8. Let j(y) be the second derivative of 2*y**3/3 - 9*y**2/2 - 2*y. Let m(a) = -5*a + 10. Let c(n) = -6*j(n) - 5*m(n). Calculate c(i).
0
Let z(n) = 3*n**3 - 22*n**2 - 34*n - 23. Let g(b) = -b**3 + 7*b**2 + 11*b + 7. Let v(u) = -7*g(u) - 2*z(u). Calculate v(7).
32
Let s(p) = p**3 - 7*p**2 + 4*p + 9. Let c be s(6). Let y be (8/(-12))/((-1)/(c/2)). Let z(j) = j + 2. Calculate z(y).
1
Let r(h) = -h + 7 + 32*h**2 - 14*h**2 - 17*h**2 - 2*h. Suppose s - 2*n = 10, 4*n = -6 - 2. Give r(s).
25
Let c(a) = 45*a + 45. Let h be c(-1). Let l = 9 - 6. Let q(k) = l + h*k**2 + 4*k**2 - 7*k**2 + 5*k**2 + 4*k. Determine q(-2).
3
Suppose 0 = 116*s - 122*s + 18. Let t(q) be the second derivative of -1/20*q**5 - 3*q + 2/3*q**s - 1/2*q**2 - 1/6*q**4 + 0. What is t(-3)?
-4
Let b(z) be the second derivative of z**4/6 - z**3/3 - z**2 + 45*z. Determine b(-2).
10
Let z(j) be the second derivative of j**8/6720 + j**7/504 + j**6/720 - j**5/24 - 19*j**4/6 - 35*j. Let w(s) be the third derivative of z(s). Give w(-5).
-10
Let s(w) = w**2 - 7*w + 4. Let o be 0 - (0 + -66)/11. Determine s(o).
-2
Let t(n) = -n. Let l(g) = 1 + 11*g**2 - 7*g - 3*g**2 + 3*g - 7*g**2. Let m be l(2). Give t(m).
3
Let c(o) = 12*o**3 - 17*o**3 - 7*o**2 - 5*o - 15 + 6*o**3 + 19. What is c(7)?
-31
Let j(h) = -h + 1. Let d(m) be the second derivative of -m**4/12 + 11*m**3/6 - 13*m**2/2 + 3*m. Let k = 18 - 9. Let q be d(k). What is j(q)?
-4
Suppose 13 = 2*m + 3. Let b(n) = -4*n - 60. Let h(c) = -5*c - 71. Let q(k) = -6*b(k) + 5*h(k). Determine q(m).
0
Let o be (174/(-9))/2*-3. Let y(p) = -2*p**2 - 17 - 9 - 3*p + o. Determine y(-3).
-6
Let g(j) be the third derivative of j**6/120 - 7*j**5/60 + j**4/4 - 7*j**3/6 + 2*j**2 + 7. Give g(6).
-7
Suppose -5*p - 45 = 5*u, 4 + 15 = -3*u - p. Let f(v) = -4*v + 14. Let m(n) = -6*n + 19. Let q(a) = 7*f(a) - 5*m(a). Determine q(u).
-7
Let g be (-9)/(-21) - 148/(-14). Let r = 14 - g. Suppose -y + 6 + 17 = 4*m, -5*y = -r*m. Let f(d) = -2*d - 1. Give f(y).
-7
Let c(t) = -2*t**2 + 26*t - 16. Let i(v) = v**2 - 14*v + 7. Let k(r) = 3*c(r) + 5*i(r). Give k(9).
-22
Suppose 4 = 5*u - u - 5*h, 3*u - 2*h + 4 = 0. Let b(g) be the first derivative of -7 + 3*g - 3/2*g**2 - 1/3*g**3. Determine b(u).
-1
Let a(w) = w - 6. Suppose 0 = -5*z - 5*o + 35, z + 0*z + 5 = 3*o. Suppose 8*h = z*h + 28. Determine a(h).
1
Let k(o) be the third derivative of o**4/24 + o**3/6 - 7*o**2 + o. Give k(-5).
-4
Let v(o) = 3*o. Let r(s) = s**2 - 21*s + 1. Let n be r(21). Let k be (-2)/4*(-16)/(n - 5). Give v(k).
-6
Suppose -5*b - a + 10 = 0, -6*a = -4*a. Suppose -5*g = 6*u - b*u - 14, -2*g - 4*u + 8 = 0. Let y(f) = -f + 0 + 1 - 4 - g*f**2 + 4. Calculate y(2).
-9
Let x(d) = -9 + 7 + 6 - 3 + 0*d + 8*d. Let p = 6 - 8. Determine x(p).
-15
Let g(i) = -i**2 - i + 14. Let a = 11 + -46. Let y = -35 - a. Give g(y).
14
Let m(v) = v**3 + 4*v**2 - 7*v - 3. Let q be 2 - (-2 + 0/2). Suppose -8 = -2*b + o, -b + 3*b = -q*o - 2. Suppose b*n = -n - 20. Determine m(n).
7
Let k(t) = 2*t + 3. Let w be 6 + 32/48*18/(-4). Determine k(w).
9
Let c(b) = b - 3. Let l(a) = -1. Let n(h) = 2*c(h) + 2*l(h). Give n(-7).
-22
Let f(a) be the third derivative of a**6/120 + a**5/60 - a**4/12 + a**3/3 + 34*a**2. Let h be f(0). Let v(z) = -z + 3 + 0 - 1. What is v(h)?
0
Suppose 0 = -4*n - 5*t + 8, -2*t - 2 + 4 = n. Let w(m) = 5 + 10*m**3 + n*m**3 - 4 - m + 0. What is w(1)?
12
Let u(g) = -7*g. Let k be (-58)/(-7) - (-10)/(-35). Let s(l) = l - 18. Let x be s(k). Let i be 48/(-20) - 4/x. Give u(i).
14
Let b(m) be the first derivative of -m**2/2 - 12*m + 21. What is b(0)?
-12
Let l(w) = w**3 - 4*w**2 - 2*w + 2. Let z be 1*5 - 12/(32/8). Suppose 2*h + 4*n + 10 = -2, z*n = 2*h - 18. Determine l(h).
-6
Suppose 0 = 5*b - r + 3, 0*b - 2*r + 6 = 2*b. Let o(l) = l**3 - l**2 + 4. Let f be o(b). Let a(d) = d**3 - 5*d**2 + 3*d - 6. What is a(f)?
-10
Let x(w) be the third derivative of 0*w + 4*w**2 - 5 + 2/3*w**3 + 1/60*w**5 - 1/4*w**4. Give x(6).
4
Let s(z) = -4*z**2 - 2 + 3 - 6*z + z**3 + 2 - 7. Let b(o) = -o - 2. Let y be b(5). Let n(a) = -a - 2. Let m be n(y). Calculate s(m).
-9
Let k(j) = -j + 3. Let h(q) = -q**2 + 12*q + 6. Let p(c) = -h(c) - 3*k(c). Give p(11).
7
Let u(q) be the third derivative of -q**7/2520 + q**5/20 - 13*q**4/24 + 8*q**2. Let y(x) be the second derivative of u(x). Calculate y(0).
6
Suppose -3*u = 2*d, 2*u - 4*d + 5*d = 1. Let r = -35 + 35. Suppose 5*b - 8 - u = -z, 5*b - 4*z + 15 = r. Let c(i) = -6*i**2. Determine c(b).
-6
Let p(q) = 2*q - 4. Suppose 0 = 2*y + 5*c - 43, 12 = -2*c - 2*c. Let g = -20 + y. Let s be (6/g)/(12/54). Calculate p(s).
2
Let v(i) = i. Let c(m) = -m**2 - 3*m - 6. Let u(z) = c(z) + 4*v(z). Determine u(5).
-26
Let x(k) be the third derivative of 1/3*k**3 - 23*k**2 + 0*k + 0 - 1/24*k**4. What is x(-7)?
9
Suppose -3*o + 2*v - 26 = o, -5*v + 29 = -o. Let m(p) be the second derivative of -p**4/12 - p**3 + p**2/2 + 679*p. What is m(o)?
9
Suppose 872*s - 4 = 876*s. Let h(f) = 18*f**2 - 2*f - 2. Determine h(s).
18
Let f(o) = -o**3 - 9*o**2 - o + 1. Let j(w) = -w**3 - 7*w**2 - 2*w + 1. Let x(q) = -2*f(q) + 3*j(q). Determine x(-2).
5
Let r(a) be the first derivative of -a**4/4 + a**3 + a**2 - 3*a + 28. Let k be 6 - (-1 + 0 + 0). Let j = k + -4. What is r(j)?
3
Let w(s) = 2*s**3 - 3*s**2 - 2*s. Let o be 4/1*10/40*-2. Calculate w(o).
-24
Let d(k) be the first derivative of k**2/2 + 2*k - 3. Suppose l - 4*l = -36. Suppose 4*y + 34 = 2*c, c = -3*c + l. Determine d(y).
-5
Let x(i) be the third derivative of -7*i**2 - 2/3*i**3 + 0*i + 1/12*i**5 - 1/120*i**6 + 0 - 1/12*i**4. What is x(5)?
-14
Suppose 1 - 3 = -m. Let q(s) = -m*s + 6*s + 4*s - 3 - 3*s. Let f(p) = 4*p**2 + p - 2. Let u be f(1). What is q(u)?
12
Suppose -o + 21 = -4*o. Let z(m) be the third derivative of m**5/120 + 7*m**4/24 - 5*m**3/3 - 19*m**2. Let b(q) be the first derivative of z(q). What is b(o)?
0
Let y(a) = 183*a + 4761. Let p be y(-26). Let m(f) be the third derivative of -f**4/24 + f**3/6 - f**2. Determine m(p).
-2
Let w(z) = -7*z - 9. Let v(i) = 8*i + 6. Let h(p) = -4*v(p) - 5*w(p). Give h(-5).
6
Let l(s) be the first derivative of 2*s**3/3 - s**2 - s + 25. Let d(k) = 4*k**2 - 5*k - 2. Let a(j) = -4*d(j) + 9*l(j). Let w = 0 - -2. Calculate a(w).
11
Let v(g) = -g**3 - g**2 - g + 1. Let d(u) = 5*u**3 - 3*u**2 + 5*u - 17. Let y(q) = d(q) + 6*v(q). Suppose -102*c = -101*c + 9. What is y(c)?
-2
Let r be (24/(-10))/(-7 + (-330)/(-50)). Let f(x) = -12 + 6*x**2 - 4*x + 3*x + 8 - x**3 + 0*x**2. What is f(r)?
-10
Let k(x) = -x**3 - 13*x**2 + 14. Let t be k(-13). Suppose -4*r - g = -t, -4*g + g + 6 = 0. Let w(y) = 1 + 2*y**2 - 4*y**2 + 4*y**2 - r*y. What is w(2)?
3
Let v = -6 - -6. Let u(a) be the second derivative of 5*a + 0*a**3 + 0 + 1/2*a**2 - 1/20*a**5 - 1/12*a**4. Give u(v).
1
Suppose 0 - 20 = 5*j. Let c be 2 + -3 + (j - -6). Let o(i) = c + i + 3*i + 4*i. Determine o(-1).
-7
Let s(w) be the second derivative of -w**5/20 + 13*w**4/12 - 5*w**3/3 - 12*w**2 + 178*w. What is s(12)?
0
Let r(f) = 9*f + 14 - 29*f + 6*f + 6*f + 9*f. Give r(-4).
10
Let r(o) = -o**2 - 7. Let i 